hat is the highest common factor of j and 77?
11
Suppose -3*n = -79 + 19. Let y(f) = -68*f - 4. Let c be y(-3). What is the greatest common factor of c and n?
20
Let b be (-10)/(-12)*4*3. Let n be ((-32)/b)/((-1)/(-5)). Let i be 12/((-6)/n*2). Calculate the greatest common factor of i and 8.
8
Suppose 19 = 3*p + 4*m - 4, -18 = -2*p - 4*m. Suppose 77 = p*a - 148. Let x = a - -5. What is the highest common factor of x and 10?
10
Suppose 3*j - 6*i - 16 = -4*i, 5*j = i + 36. What is the greatest common factor of j and 64?
8
Let h be 45/(0 - (-1)/2). Let g(c) = -c**3 - 3*c**2 + c - 6. Let b be g(-5). Let f = 57 - b. What is the greatest common divisor of h and f?
18
Let w(n) be the second derivative of -n**5/20 - 5*n**4/12 + 11*n**3/6 + 2*n**2 + 2*n. Let g be w(-7). Calculate the highest common factor of g and 5.
5
Let l(x) = x**2 + 10*x - 5. Let o be l(-11). Calculate the greatest common factor of 48 and o.
6
Suppose 0*f - 44 = -2*f - 4*j, 126 = 5*f + 2*j. Calculate the highest common factor of 13 and f.
13
Let b(p) = -3 - p + 5 - 1 - 5*p. Let k be b(-1). Calculate the greatest common divisor of 21 and k.
7
Let i be ((-16)/(-12)*-3)/((-6)/27). Calculate the greatest common factor of 12 and i.
6
Suppose 7 = 3*n + 1. Let w be ((-4)/(-3))/(n/9). What is the greatest common factor of w and 12?
6
Let l(p) = -p - 3. Let a be l(-4). Let y = -67 - -70. Calculate the greatest common factor of y and a.
1
Let i = 31 + 34. Let a = 0 - -1. Let d be a*-2 + 1 + 27. What is the greatest common factor of d and i?
13
Let f be 87/9 - (-1)/3. Suppose 3*y = 4*y + 4*x - f, -3*y - x + 41 = 0. Let c = 22 - y. What is the greatest common divisor of 1 and c?
1
Let t(r) = r**3 - 2*r**2 - 2*r + 6. Suppose 0 = -4*m + 9 + 7. Let s be t(m). What is the greatest common divisor of s and 10?
10
Let j be (3/(-2))/((-9)/78). Calculate the highest common divisor of 143 and j.
13
Let p be (-1 + 0)*1 + 81. Let n(x) = x**2 + 4. Let q be 1*(10/(-2) + 1). Let j be n(q). What is the highest common divisor of j and p?
20
Let b be 1/(3/6) - 2. Suppose 2*u + 1 = -2*m + 31, b = 5*m - u - 105. What is the highest common factor of m and 180?
20
Let b = 3 + 2. Suppose -10 = -b*u, -4*p + 12 = -u - u. Let i be (-110)/5*(-6)/p. What is the highest common factor of i and 3?
3
Let g = -7 + 11. Suppose -6*a = -g*a - 24. Let o be -2 - (-26 - 0)/1. Calculate the highest common divisor of o and a.
12
Let y be (-2)/(-8) - (-923)/52. Calculate the greatest common factor of y and 18.
18
Suppose v + 51 = 3*l - 0*l, -22 = -l + 2*v. Suppose 2*x + x = 0. Let r be (-9 + x)/(-3) + -1. Calculate the greatest common divisor of l and r.
2
Let s = -27 + -18. Let d be (-1 - s) + 5 + -4. Suppose 0 = 6*c - 2*c + 2*i - 26, c - i - 14 = 0. What is the highest common factor of c and d?
9
Suppose -115 = -11*s + 853. Calculate the greatest common factor of 11 and s.
11
Let g(l) = l**3 + 2*l**2 + 2*l. Let o be g(3). Let w = o - 31. Calculate the highest common factor of w and 30.
10
Suppose 4*t - 236 = 2*t. Let h be t/10 - 3/(-15). Let z be ((-12)/(-7))/(1/7). Calculate the greatest common divisor of h and z.
12
Let d = -80 + 87. Suppose 4*v + l - 2 = 0, 5*v + l = 3*l - 4. Suppose 4*f + v - 4 = 0. What is the highest common factor of f and d?
1
Let y be 15/(2 + -3 - -2). What is the highest common divisor of 75 and y?
15
Let a(f) = 2*f**2 + 2*f - 3. Let h be a(-7). Let m(n) = 10*n**3 - n**2 + 2*n - 2. Let y be m(1). What is the highest common factor of y and h?
9
Let d be (-1 - -2)*(-72)/(-2). What is the greatest common factor of 9 and d?
9
Let v be (-9)/(-21) - (-2260)/35. What is the greatest common divisor of 26 and v?
13
Suppose f + 59 = 4*o + 4, 10 = o + f. Let t = 2 + 0. Let q be 93 + -2 + t + -2. Calculate the highest common factor of q and o.
13
Let u = 58 - 40. Calculate the highest common divisor of u and 162.
18
Suppose -5*n + 2 = -3. Suppose 26 = 6*j - 4*j. Suppose -j = 5*d - 48. What is the greatest common factor of n and d?
1
Let i(w) = -w**3 + 7*w**2 - 4*w + 2. Let b be i(5). What is the greatest common divisor of 160 and b?
32
Suppose b + 0*b - 8 = 0. Calculate the highest common factor of b and 8.
8
Let l be (-1446)/(-33) - (-4)/22. Let i = l + -12. Suppose n - 7 = 5*y + 12, -i = -4*n - 2*y. Calculate the greatest common factor of 18 and n.
9
Suppose 0 = -5*q + 15 + 40. Let h be 1*2/(2/q). Let x = -123 + 200. Calculate the highest common divisor of x and h.
11
Let g = -100 - -142. Let h(z) = -z**3 + 10*z**2 + 7*z + 3. Let j be h(9). Let w be (j/28)/(6/16). What is the greatest common factor of g and w?
14
Suppose 20*t - 837 = 17*t. Calculate the greatest common divisor of t and 31.
31
Suppose 180 = 5*b - 4*w, -5*b - 2*w = 3*w - 225. Calculate the highest common divisor of b and 16.
8
Let s be 7 + 6/(-2) + 1. Suppose t - z + 6*z - 41 = 0, -s*t - 4*z + 268 = 0. Calculate the highest common divisor of t and 7.
7
Suppose 0 = -u - 0*b + 2*b - 1, -5*u - 20 = 5*b. Let j be (-1)/(-1)*(-1 + 0). Let c be (u/2)/(j/2). What is the greatest common divisor of c and 27?
3
Suppose -4*g = 4*c - 148, -g + 15 + 13 = 4*c. Calculate the highest common divisor of g and 8.
8
Let s be -3 + 2 - (-2 + 0). Calculate the greatest common factor of 1 and s.
1
Let i = 963 + -515. Suppose 12*z - 10*z = i. Calculate the highest common factor of z and 28.
28
Suppose -7*m + 150 = -2*m. Calculate the highest common divisor of m and 15.
15
Let y be (-264)/(-21) + 4/(-7). What is the greatest common factor of y and 18?
6
Suppose 5*a - 248 = 207. What is the highest common divisor of a and 26?
13
Let y(o) = 127*o + 1. Let n be (6/3 + -1)*1. Let m be y(n). What is the greatest common factor of m and 16?
16
Let o = -5 - -9. Let j be ((-9)/o)/((-18)/48). What is the highest common divisor of 9 and j?
3
Suppose 0 = -5*z - 23 + 163. Suppose -2*w = -5*s + 1 + 11, -2*w = 5*s - z. Calculate the highest common factor of w and 10.
2
Let m = -6 + 1. Let k = 47 - m. Let o = 31 - 18. What is the greatest common factor of o and k?
13
Let j(n) be the third derivative of 31*n**5/60 - n**3/6 - n**2. Let k be j(1). What is the greatest common divisor of k and 10?
10
Let i = 12 + -9. Let k be (-1)/(-3)*i*6. What is the greatest common factor of k and 54?
6
Suppose 0 = -5*k - 26 + 6. Let a = 6 + k. Let n = 9 + a. What is the greatest common divisor of n and 121?
11
Let u be 1 + 3 - (-1 - -3). Suppose u*n - 3*n + 11 = 0. Calculate the greatest common factor of n and 33.
11
Let z(d) = -d**2 - 18*d + 12. Let g be z(-18). Calculate the highest common divisor of 36 and g.
12
Let d(c) = c**2 + c - 2. Suppose -2*r = 4, -2*h - 2*r = -0*r - 8. Let g be d(h). Calculate the greatest common factor of 8 and g.
8
Let u be (-16)/(-6) - 16/24. Calculate the highest common divisor of 2 and u.
2
Let d(q) = -q**3 + 6*q**2 - 7. Let n be d(5). Let p be (-4)/((-12)/27) - 1. Let v be (-12)/p*(-2 - 6). What is the greatest common divisor of v and n?
6
Let g(k) = -51*k + 2. Suppose -2*i = -2*p - 4, 3*p + 0*p + 6 = 0. Suppose -8 = 4*w - i*w. Let s be g(w). What is the greatest common divisor of 13 and s?
13
Let n(u) = u**2 + 3*u + 4. Let x be n(-8). Calculate the highest common divisor of 66 and x.
22
Let d(g) = g**3 + g**2 - 11. Let t be d(0). Let l = 12 + t. What is the greatest common factor of l and 7?
1
Suppose 5*n - 192 = n. What is the highest common divisor of 6 and n?
6
Suppose 0 = -8*p + 157 + 83. Calculate the greatest common divisor of 10 and p.
10
Suppose -2*c + 8 = 2*y, -y = 3*c - 4*y + 18. Let s = 0 - c. Calculate the greatest common divisor of s and 11.
1
Let o be (15/(-2))/(18/(-24)). Let t = 89 + -64. What is the greatest common factor of o and t?
5
Let l = 118 - 43. Calculate the highest common factor of l and 30.
15
Let p = 74 + -9. What is the greatest common divisor of p and 13?
13
Let b = -786 + 808. Let n be 12*(22/4)/1. Suppose -k = k - n. What is the highest common factor of b and k?
11
Let p be 2/6 + (-28)/(-6). Suppose -5*y - p = 0, 0 = -i + 2*i - 5*y - 15. Suppose i = 5*s - 30. What is the greatest common divisor of s and 16?
8
Suppose -9*q + 8*q = -32. Calculate the greatest common factor of 16 and q.
16
Let t(n) = -n**2 - 7*n - 6. Let q be 39/65 - (-56)/(-10). Let a be t(q). What is the greatest common divisor of 44 and a?
4
Let x be 12/5*(-665)/(-38). What